t y(v) = -v**2 + 16*v - 134. Calculate y(0).
-134
Let p(n) = -507*n**2 - 3420*n + 905. Determine p(-7).
2
Let w(h) = -8*h**3 + 61*h**2 - 95*h - 28. Determine w(3).
20
Let z(w) = 2*w**3 - 41*w**2 - 331*w + 6797. Give z(20).
-223
Let h(w) = -w**2 - 123*w - 2848. Determine h(-92).
4
Let p(w) = -w**3 + w**2 - 577*w + 2991. Determine p(5).
6
Let r(q) = -q**2 - 70*q + 7004. What is r(60)?
-796
Let w(l) = 821*l**2 + 4636*l + 2649. Give w(-5).
-6
Let k(g) = -797*g - 28606. Give k(-38).
1680
Let c(h) = -h**3 + 7740*h**2 - 46402*h + 27. Give c(6).
39
Let u(n) = -3225*n - 16096. Determine u(-5).
29
Let p(j) = 6951*j + 27092. Calculate p(-4).
-712
Let t(w) = 6*w**2 + 415*w + 1590. What is t(-64)?
-394
Let z(v) = -15769*v - 15035. Calculate z(-1).
734
Let y(p) = 41*p**3 - 5008*p**2 + 732*p + 27. What is y(122)?
27
Let h(m) = 1224*m**2 + 5411*m + 2. Give h(-4).
-2058
Let n(f) = -f**2 - 78*f - 825. What is n(-12)?
-33
Let r(d) = -56*d + 12902. Give r(193).
2094
Let g(y) = -428*y + 26036. Calculate g(60).
356
Let s(q) = -3454*q - 20997. Calculate s(-6).
-273
Let w(h) = 33776*h - 574168. Give w(17).
24
Let i(s) = -102053*s + 2449277. Calculate i(24).
5
Let q(n) = -21589*n + 971477. Give q(45).
-28
Let r(c) = -11560*c - 2832199. Give r(-245).
1
Let f(a) = 11*a**2 + 67*a - 1536. What is f(17)?
2782
Let g(m) = m**3 - 15*m**2 - 414*m - 379. What is g(30)?
701
Let c(k) = k**2 + 563*k + 50670. Calculate c(-112).
158
Let y(r) = 14892*r + 4750556. Determine y(-319).
8
Let v(f) = -16*f**3 - 165*f**2 - 30*f - 50. Calculate v(-9).
-1481
Let h(u) = -7529*u - 1611182. Give h(-214).
24
Let f(v) = -9*v**3 + 998*v**2 - 2832*v + 2590. What is f(108)?
-2
Let b(i) = 99261*i - 17469943. Give b(176).
-7
Let t(i) = 360*i + 95296. Determine t(-264).
256
Let t(d) = 7*d**3 - 106*d**2 - 9658*d + 145108. Give t(15).
13
Let r(t) = 9*t**2 - 623*t - 3374. Determine r(73).
-892
Let o(t) = -t**3 - 30*t**2 - 21*t + 8. Determine o(-31).
1620
Let c(h) = 5*h**3 - 3080*h**2 + 3073*h + 1238. What is c(615)?
8
Let h(x) = 5*x**2 + 2261*x - 32629. Determine h(14).
5
Let o(f) = -17*f**3 + 149*f**2 + 146*f - 4. Give o(-1).
16
Let h(s) = 11*s**3 - 8*s**2 - 46*s + 267. Give h(4).
659
Let p(f) = 237*f - 10813. Give p(59).
3170
Let a(h) = 22*h**2 + 251*h + 2231. What is a(-9)?
1754
Let n(o) = 4*o**2 + 9704*o + 67835. Give n(-7).
103
Let p(a) = -4*a**2 + 1574*a - 42934. Calculate p(364).
18
Let b(f) = -444*f + 1437. What is b(2)?
549
Let d(n) = n**3 + 236*n**2 - 1097*n + 26025. What is d(-241)?
-3
Let n(k) = 23*k**3 + k**2 - 1505*k + 7499. Determine n(5).
2874
Let k(w) = w**3 + 420*w**2 - 949*w + 135361. What is k(-423)?
1
Let c(z) = -z**3 - 12*z**2 - 120*z + 118. Give c(-8).
822
Let q(z) = -3025*z + 9058. Give q(3).
-17
Let a(n) = 2224055*n + 11120292. Calculate a(-5).
17
Let z(r) = -5*r**2 - 36471*r + 1319430. Determine z(36).
-6
Let c(r) = -r**3 - 329*r**2 + 38214*r - 2552. Calculate c(-420).
-32
Let a(l) = -267*l - 820. What is a(3)?
-1621
Let p(b) = 2467*b + 290797. What is p(-118)?
-309
Let n(j) = -88*j**2 - 7120*j + 645. Give n(-81).
-3
Let f(c) = -5246*c - 78698. Give f(-15).
-8
Let v(c) = 46*c - 345. Calculate v(3).
-207
Let o(v) = 2*v**3 + 29*v**2 + 23*v + 189. What is o(-12)?
633
Let g(a) = 12*a**2 - 2512*a + 34977. Give g(15).
-3
Let i(b) = -132*b**2 + 1716*b - 58. Give i(13).
-58
Let k(z) = -61*z**2 - 7920*z - 7920. Give k(-1).
-61
Let b(r) = -20*r**2 + 6798*r + 42218. Calculate b(346).
6
Let a(s) = 1525*s + 857062. What is a(-562)?
12
Let m(v) = -54*v**2 - 84*v + 132. Give m(3).
-606
Let s(v) = v**3 - 179*v**2 + 4074*v + 4318. Give s(28).
6
Let f(p) = -3*p**3 + 12*p**2 - 1917*p + 5737. Determine f(3).
13
Let s(k) = -164*k - 163617. Determine s(-998).
55
Let p(w) = w**3 - 12*w**2 - 29*w - 36. Calculate p(16).
524
Let u(o) = -20*o**2 + 1543*o - 960. Determine u(78).
-2286
Let z(y) = 10*y**3 + 96*y**2 + 69*y + 1085. Give z(-10).
-5
Let x(w) = 134297*w - 805786. What is x(6)?
-4
Let n(m) = -404*m - 45521. What is n(-113)?
131
Let m(j) = -j**2 + 413*j + 8712. Determine m(-20).
52
Let c(w) = 2*w**2 - 652*w - 4577. Give c(-7).
85
Let f(m) = -m**3 - 2346*m - 426. Give f(0).
-426
Let a(d) = -2470*d + 56442. Give a(23).
-368
Let u(j) = -3317*j + 102760. Calculate u(31).
-67
Let i(d) = d**3 + 6*d**2 + 2943*d + 20619. Give i(-7).
-31
Let q(a) = -21*a**2 - 3139*a + 8018. Calculate q(-152).
-38
Let q(m) = 18*m**3 + 1024*m**2 - 102*m + 679. Determine q(-57).
-5
Let v(p) = -27*p**2 + 4178*p - 25085. Calculate v(6).
-989
Let b(v) = v**3 - 29*v**2 - 339*v + 5738. Determine b(34).
-8
Let g(p) = -2988*p - 14647. Calculate g(-5).
293
Let p(d) = -22980*d + 91929. What is p(4)?
9
Let m(d) = -140*d + 5677. Determine m(29).
1617
Let o(d) = -48*d - 1008. Determine o(-27).
288
Let h(t) = -t**2 - 95*t + 2820. What is h(-115)?
520
Let f(g) = 81*g**2 + 12720*g + 470. Calculate f(-157).
-1
Let a(c) = -26*c**3 - 236*c**2 + 97. What is a(-9)?
-65
Let k(s) = -23912*s - 454349. Calculate k(-19).
-21
Let j(f) = 6*f**3 - 4*f**2 + 10*f - 127. Give j(3).
29
Let p(k) = 11*k**2 + 268*k - 2945. Determine p(10).
835
Let v(j) = 2*j**2 + 5151*j + 92829. What is v(-18)?
759
Let y(x) = x**2 - 21*x - 572. Give y(-12).
-176
Let f(o) = 9479*o - 284371. Give f(30).
-1
Let g(a) = -1088*a - 249110. Determine g(-229).
42
Let l(h) = -2*h**2 - 234*h - 2870. Give l(-105).
-350
Let t(w) = 197*w - 46889. What is t(238)?
-3
Let k(t) = -t**3 + 36*t**2 - 9214*t + 342360. What is k(37)?
73
Let l(m) = -2588*m + 15796. Give l(6).
268
Let r(a) = -a**3 + 59*a**2 + 84*a - 4461. Calculate r(59).
495
Let s(r) = r**2 + 1314*r + 7829. Determine s(-6).
-19
Let u(b) = -843*b - 69817. What is u(-83)?
152
Let f(a) = a**2 + 3626*a - 472748. What is f(126)?
4
Let c(m) = -4530*m - 1657984. Determine c(-366).
-4
Let i(b) = 585*b**2 - 70795*b + 1217. What is i(121)?
7
Let q(k) = -k**3 - 6*k**2 + 87*k + 302. What is q(-11)?
-50
Let z(b) = 12*b**2 + 281*b - 584. Give z(2).
26
Let j(a) = 2*a**3 - 255*a**2 - 1181*a + 134774. Determine j(128).
-10
Let z(y) = -y**3 - y**2 - 14*y - 53. What is z(11)?
-1659
Let g(l) = -l**3 - 44*l**2 - 73*l + 465. Give g(-42).
3
Let o(y) = 149*y**2 + 8190*y. What is o(-55)?
275
Let z(w) = 10*w**2 - 1085*w + 10740. Give z(11).
15
Let i(m) = -24*m**3 - 15*m**2 - 11*m + 26. Give i(1).
-24
Let o(z) = -13*z**2 - 5416*z + 250410. What is o(42)?
6
Let l(o) = -5*o**2 + 4141*o - 306509. What is l(746)?
97
Let a(j) = j**3 - 65*j**2 - 5699*j - 5864. Calculate a(115).
1
Let n(r) = -r**2 + 15658*r - 406429. Calculate n(26).
3
Let n(o) = 3*o**3 - 152*o**2 - 194*o + 80. Calculate n(52).
808
Let m(o) = 4566*o + 1570717. Determine m(-344).
13
Let k(u) = u**3 - 20*u**2 - 67*u - 100. Give k(22).
-606
Let z(b) = -b**3 - 23*b**2 - 1674*b - 12448. Calculate z(-8).
-16
Let o(m) = m**3 + 217*m**2 - 1082*m + 6285. Determine o(-222).
69
Let t(r) = -1176*r**2 + 2332*r + 19. Give t(2).
-21
Let m(r) = r**2 + 60346*r - 6529029. Give m(108).
3
Let d(i) = 180341*i - 1983777. Give d(11).
-26
Let v(t) = -t**2 + 69090*t - 9997031. What is v(145)?
-6
Let l(u) = -6*u**2 + 233*u - 182. Determine l(1).
45
Let d(q) = -18218*q - 236827. Calculate d(-13).
7
Let x(w) = -4*w**2 + 159*w - 1331. Determine x(37).
-924
Let n(f) = -1127*f - 178073. Determine n(-158).
-7
Let u(y) = -91*y - 1014. Calculate u(-16).
442
Let d(w) = -8*w**2 - 212*w + 3623. Calculate d(16).
-1817
Let v(r) = r**3 + 64*r**2 - 724*r - 57840. What is v(-60)?
0
Let i(v) = -151*v + 218. Give i(-2).
520
Let t(n) = n**3 - n**2 + 147700*n + 443125. What is t(-3)?
-11
Let z(v) = -11612*v + 1776500. Calculate z(153).
-136
Let s(b) = 5*b**3 - b**2 - 4*b + 2356. Give s(0).
2356
Let r(w) = w**3 + 176*w**2 + 53*w + 40723. What is r(-177)?
13
Let m(h) = 17*h**2 + 109*h - 1865. Determine m(-14).
-59
Let t(n) = -4*n**2 + 590*n + 6801. What is t(158)?
165
Let u(j) = 699*j - 6348. Calculate u(8).
-756
Let b(u) = -4262*u - 21275. Determine b(-5).
35
Let c(q) = 4705*q**2 - 37625*q - 125. Calculate c(8).
-5
Let v(j) = -3320*j - 139450. Determine v(-42).
-10
Let c(i) = i**3 - 259*i**2 - 36812*i - 3612. Calculate c(361).
-2
Let j(n) = 439*n**2 - 379*n - 9. Give j(1).
51
Let u(b) = b**3 - 171*b**2 + 238*b - 11579. Give u(170).
-19
Let t(m) = -m**2 - 12622*m - 552873. Give t(-44).
559
Let m(o) = -o**2 + 753*o + 23559. Calculate m(-30).
69
L